{"id":93,"date":"2020-12-08T16:52:42","date_gmt":"2020-12-08T15:52:42","guid":{"rendered":"http:\/\/p3038.phpnet.org\/atpme\/?page_id=93"},"modified":"2020-12-23T10:33:35","modified_gmt":"2020-12-23T09:33:35","slug":"achat-commerce-entreprise","status":"publish","type":"page","link":"https:\/\/www.atpme.fr\/index.php\/achat-commerce-entreprise\/","title":{"rendered":"Achat entreprise ou achat commerce"},"content":{"rendered":"\n<p class=\"has-large-font-size\">Candidats repreneurs, pour r\u00e9ussir votre achat d&rsquo;entreprise ou de commerce, vous devez poss\u00e9der un projet clair, structur\u00e9, pr\u00e9cis et en correspondance avec vos moyens financiers.<\/p>\n\n\n\n<p>Deux documents \u00ab\u00a0<strong><a href=\"https:\/\/www.atpme.fr\/index.php\/formulaire-de-telechargement-de-document\/\">Dossier de pr\u00e9sentation de votre projet d&rsquo;achat d&rsquo;entreprise ou de commerce<\/a><\/strong>\u00ab\u00a0et \u00ab\u00a0<strong><strong><a href=\"https:\/\/www.atpme.fr\/index.php\/formulaire-de-telechargement-de-document\/\">Dossier de pr\u00e9sentation de votre projet de croissance externe<\/a><\/strong><\/strong>\u00a0\u00bb sont mis \u00e0 votre disposition par ATPME. Vous devez vous identifier pour le t\u00e9l\u00e9charger.<\/p>\n\n\n\n<p><strong>Vous devez savoir que<\/strong>&nbsp;:<\/p>\n\n\n\n<ul><li>reprendre une entreprise ou un fonds de commerce demande une vraie volont\u00e9 d&rsquo;entreprendre, de la t\u00e9nacit\u00e9 et du sang froid, une certaine acceptation du risque.<\/li><li>les bonnes entreprises ou commerces \u00e0 acheter ne sont pas sur la place publique et encore moins sur internet.<\/li><li>suivant les secteurs, il y a entre 3 et 10 acheteurs potentiels pour une entreprise ou un commerce \u00e0 vendre.<\/li><li>un c\u00e9dant de PME d&rsquo;une certaine taille pr\u00e9f\u00e8re souvent vendre \u00e0 une autre entreprise qui r\u00e9alise de la croissance externe plut\u00f4t qu&rsquo;\u00e0 un repreneur personne physique parce que les risques sont moindres pour lui.<\/li><li>mieux vous aurez d\u00e9fini votre projet, plus il sera facile \u00e0 ATPME de vous pr\u00e9senter des entreprises ou des commerces \u00e0 l&rsquo;achat.<\/li><li>s&rsquo;il y a ad\u00e9quation entre vous et l&rsquo;entreprise \u00e0 reprendre et que vous avez n\u00e9goci\u00e9 correctement l&rsquo;entreprise ou le commerce \u00e0 acheter, vous trouverez facilement les capitaux n\u00e9cessaires, si vous apportez entre 1\/4 et 1\/3 des sommes n\u00e9cessaires.<\/li><\/ul>\n\n\n\n<p><strong>Pour que ATPME puisse vous pr\u00e9senter des entreprises pour lesquelles le cabinet est titulaire d&rsquo;un mandat de vente<\/strong>, il est n\u00e9cessaire que vous nous renvoyiez le\u00a0\u00ab\u00a0<strong><a href=\"https:\/\/www.atpme.fr\/index.php\/formulaire-de-telechargement-de-document\/\">Dossier de pr\u00e9sentation de votre projet d&rsquo;achat d&rsquo;entreprise ou de commerce<\/a><\/strong>\u00ab\u00a0et \u00ab\u00a0<strong><strong><a href=\"https:\/\/www.atpme.fr\/index.php\/formulaire-de-telechargement-de-document\/\">Dossier de pr\u00e9sentation de votre projet de croissance externe<\/a><\/strong><\/strong>\u00ab\u00a0.<\/p>\n\n\n\n<ul><li>personnes physiques, l&rsquo;accompagner d&rsquo;un CV.<\/li><li>personnes morales, l&rsquo;accompagner de votre dernier bilan, d&rsquo;un Kbis et de votre cotation Banque de France.<\/li><\/ul>\n\n\n\n<p>D\u00e8s r\u00e9ception des documents vous d\u00e9crivant et sp\u00e9cifiant&nbsp;<strong>votre projet d&rsquo;achat d&rsquo;entreprise ou d&rsquo;achat de commerce<\/strong>, si&nbsp;<strong>ATPME<\/strong>&nbsp;poss\u00e8de un mandat de cession pour une entreprise ou un commerce&nbsp;qui vous correspond, nous vous contacterons pour vous la pr\u00e9senter.<\/p>\n\n\n\n<p>Apr\u00e8s signature d&rsquo;un engagement de confidentialit\u00e9, nous vous fournirons un descriptif sommaire de l&rsquo;entreprise \u00e0 c\u00e9der et les coordonn\u00e9es du c\u00e9dant.<\/p>\n\n\n\n<p>Nous vous conseillons de rentrer le site www.atpme.fr dans vos favoris et d&rsquo;\u00e9tudier r\u00e9guli\u00e8rement les nouveaux mandats.<\/p>\n\n\n\n<p>Le financement de la reprise constitue toujours une pr\u00e9occupation pour le futur repreneur.<\/p>\n\n\n\n<p>Une fois le protocole d&rsquo;accord sign\u00e9 avec le c\u00e9dant,&nbsp;<strong>ATPME<\/strong>&nbsp;mettra \u00e0 votre disposition son r\u00e9seau de banquiers et financeurs.<\/p>\n","protected":false},"excerpt":{"rendered":"<p>Candidats repreneurs, pour r\u00e9ussir votre achat d&rsquo;entreprise ou de commerce, vous devez poss\u00e9der un projet clair, structur\u00e9, pr\u00e9cis et en correspondance avec vos moyens financiers.<\/p>\n","protected":false},"author":1,"featured_media":0,"parent":0,"menu_order":1,"comment_status":"closed","ping_status":"closed","template":"","meta":[],"_links":{"self":[{"href":"https:\/\/www.atpme.fr\/index.php\/wp-json\/wp\/v2\/pages\/93"}],"collection":[{"href":"https:\/\/www.atpme.fr\/index.php\/wp-json\/wp\/v2\/pages"}],"about":[{"href":"https:\/\/www.atpme.fr\/index.php\/wp-json\/wp\/v2\/types\/page"}],"author":[{"embeddable":true,"href":"https:\/\/www.atpme.fr\/index.php\/wp-json\/wp\/v2\/users\/1"}],"replies":[{"embeddable":true,"href":"https:\/\/www.atpme.fr\/index.php\/wp-json\/wp\/v2\/comments?post=93"}],"version-history":[{"count":7,"href":"https:\/\/www.atpme.fr\/index.php\/wp-json\/wp\/v2\/pages\/93\/revisions"}],"predecessor-version":[{"id":205,"href":"https:\/\/www.atpme.fr\/index.php\/wp-json\/wp\/v2\/pages\/93\/revisions\/205"}],"wp:attachment":[{"href":"https:\/\/www.atpme.fr\/index.php\/wp-json\/wp\/v2\/media?parent=93"}],"curies":[{"name":"wp","href":"https:\/\/api.w.org\/{rel}","templated":true}]}}