{"id":141,"date":"2020-12-09T12:57:08","date_gmt":"2020-12-09T11:57:08","guid":{"rendered":"http:\/\/p3038.phpnet.org\/atpme\/?page_id=141"},"modified":"2021-12-20T18:06:42","modified_gmt":"2021-12-20T17:06:42","slug":"contacts-cession-entreprise-ou-cession-commerce","status":"publish","type":"page","link":"https:\/\/www.atpme.fr\/index.php\/contacts-cession-entreprise-ou-cession-commerce\/","title":{"rendered":"Contacts cession entreprise ou cession commerce"},"content":{"rendered":"\n<p class=\"has-large-font-size\">ATPME vend des entreprises dans toutes activit\u00e9s, sauf restaurants et fonds de commerce de d\u00e9tails.<\/p>\n\n\n\n<p>Les consultants sont sp\u00e9cialis\u00e9s par secteur d&rsquo;activit\u00e9s suivant le tableau ci-dessous :<\/p>\n\n\n\n<p>Cession entreprise de b\u00e2timent<br>Cession entreprise travaux publics<br>Cession entreprise paysagiste<br><strong><a href=\"mailto:dfagete@forces.fr?subject=ATPME%20:%20cession%20entreprise%20commerce\">Didier Fag\u00e8te<\/a>\u00a0 &#8211; dfagete@forces.fr &#8211; 06 82 93 33 89<\/strong><\/p>\n\n\n\n<p>Cession entreprise industrielle<br>Cession exploitation agricole, viticole, foresti\u00e8re<br>Cession scierie, secteur du bois<br>Cession n\u00e9goce, grossiste<br><strong><a href=\"mailto:%20jpdebeuret@forces.fr?subject=ATPME%20:%20cession%20entreprise%20commerce\">Jean-Paul Debeuret<\/a>&nbsp; &#8211; jpdebeuret@forces.fr &#8211; 06 82 93 35 07<\/strong><\/p>\n\n\n\n<p>Cession agence de communication, \u00e9v\u00e9nementielle<br>Cession cabinet conseils<br>Cession cabinet de courtage en assurance<br>Cession entreprise de transport<br>Cession entreprise secteur m\u00e9dical<br>Cession imprimerie, papeterie, mobilier bureau<br>Cession soci\u00e9t\u00e9 gardiennage \/ s\u00e9curit\u00e9 et entreprise de nettoyage<br>Cession soci\u00e9t\u00e9 informatique, TIC, T\u00e9l\u00e9coms<br><strong><a href=\"mailto:dfagete@forces.fr?subject=ATPME%20:%20cession%20entreprise%20commerce\">Didier Fag\u00e8te<\/a>\u00a0&#8211; <strong>dfagete@forces.fr<\/strong><\/strong> &#8211;<strong>06 82 93 33 89<\/strong><\/p>\n\n\n\n<p>Cession soci\u00e9t\u00e9 de services \u00e0 la personne<br>Cession entreprise secteur de la mode<br><strong><a href=\"mailto:alacomme@forces.fr\">Aur\u00e9lie Poilpray-Lacomme<\/a>&nbsp;&#8211; alacomme@forces.fr &#8211; 06 82 93 35 08<\/strong><\/p>\n\n\n\n<p class=\"has-large-font-size\">Vous souhaitez reprendre une entreprise<\/p>\n\n\n\n<p><strong>Contact repreneur<\/strong>  : <a href=\"mailto:alacomme@forces.fr\">Aur\u00e9lie Poilpray-lacomme<\/a>&nbsp; alacomme@forces.fr &#8211; 06 82 93 35 08<\/p>\n","protected":false},"excerpt":{"rendered":"<p>ATPME vend des entreprises dans toutes activit\u00e9s, sauf restaurants et fonds de commerce de d\u00e9tails. Les consultants sont sp\u00e9cialis\u00e9s par secteur d&rsquo;activit\u00e9s suivant le tableau<\/p>\n","protected":false},"author":1,"featured_media":0,"parent":0,"menu_order":0,"comment_status":"closed","ping_status":"closed","template":"","meta":[],"_links":{"self":[{"href":"https:\/\/www.atpme.fr\/index.php\/wp-json\/wp\/v2\/pages\/141"}],"collection":[{"href":"https:\/\/www.atpme.fr\/index.php\/wp-json\/wp\/v2\/pages"}],"about":[{"href":"https:\/\/www.atpme.fr\/index.php\/wp-json\/wp\/v2\/types\/page"}],"author":[{"embeddable":true,"href":"https:\/\/www.atpme.fr\/index.php\/wp-json\/wp\/v2\/users\/1"}],"replies":[{"embeddable":true,"href":"https:\/\/www.atpme.fr\/index.php\/wp-json\/wp\/v2\/comments?post=141"}],"version-history":[{"count":7,"href":"https:\/\/www.atpme.fr\/index.php\/wp-json\/wp\/v2\/pages\/141\/revisions"}],"predecessor-version":[{"id":252,"href":"https:\/\/www.atpme.fr\/index.php\/wp-json\/wp\/v2\/pages\/141\/revisions\/252"}],"wp:attachment":[{"href":"https:\/\/www.atpme.fr\/index.php\/wp-json\/wp\/v2\/media?parent=141"}],"curies":[{"name":"wp","href":"https:\/\/api.w.org\/{rel}","templated":true}]}}